 + 64. Suppose -3*t + 2 = -4, -5*t = -j - 6. What is the units digit of p(j)?
8
Suppose 5*k + i + 5580 = 0, k - 2*i = -399 - 728. Let q = k - -1627. What is the hundreds digit of q?
5
Let t(u) = -4*u + 14. Suppose -4*x + 8 = 2*z, 0 = 5*z + x + 2*x + 1. What is the units digit of t(z)?
2
Suppose -39096 = -29*c + 276134. What is the tens digit of c?
7
Suppose -2*x - 3*c + 1489 = 0, -x + 580 + 170 = -4*c. What is the hundreds digit of x?
7
Let v(i) = -29*i**3 - 2*i**2 + 7*i + 13. Let y(o) = o**2 + 12*o + 21. Let j be y(-11). Suppose -3*h + 4 = j. What is the units digit of v(h)?
3
Suppose p - 370 = -4*p. Let o = 0 - p. Let u = o + 143. What is the units digit of u?
9
Suppose -4*z + n + 17 = z, 4*n - 4 = -4*z. Suppose -z*d = -t + 171, -4*d + 9*d - 935 = -5*t. What is the units digit of t?
3
Suppose -11*r + 54*r = 57878. Let d = r + -389. What is the hundreds digit of d?
9
Suppose 3*s - 4*s + 12 = -3*n, 0 = -n - s. Let f be (-2 - (3 + -2))/n. What is the units digit of (f/(-2) - (-126)/4)*1?
1
Suppose 0 = -8*d - 10*d. Suppose d = 2*w + 3*t - 546, 0 = 2*t + 2 + 2. What is the hundreds digit of w?
2
Let v be 81300/500 + (-4)/(-10). Let n = 71 + -43. Let h = n + v. What is the hundreds digit of h?
1
Let y(z) = z**2 + 165*z + 359. What is the units digit of y(74)?
5
Let z(g) = -9*g**2 - 5 + 3*g + 0*g - 3*g**3 + 4*g**3 + 6*g**2. Let f be z(3). What is the tens digit of 1*96 + (3 - f - 1)?
9
Suppose -20*h + 25*h - 10 = 0. Suppose h*u - 6*u = 5*p - 12, -4*p = -3*u + 9. What is the units digit of (((-100)/u)/(-5))/(10/15)?
0
Suppose 6*p + 911 = -1483. Let a = p + 986. What is the hundreds digit of a?
5
Let w(g) = -g + 2. Let k(y) = 21*y**2 - 22*y + 191. Let f(h) = k(h) - 6*w(h). What is the hundreds digit of f(7)?
0
Let d = -67 - -62. Let j be (-187)/(-55) + 2/d. Suppose j*p + 205 = 523. What is the hundreds digit of p?
1
Suppose -5*t - 4*z + 6*z - 3127 = 0, z = t + 626. Let b = t + 1080. What is the tens digit of b?
5
Let b be (-38)/5 + 2/(-5). Let z(o) = 8*o - 2 - 3 + 4 + 18 + 6*o + 5*o**2. What is the hundreds digit of z(b)?
2
Let m(x) = -3*x + 149. Let z be m(0). Let p be z/2 - (21/6 - 4). Let y = p + 99. What is the tens digit of y?
7
Suppose 2*g + 740*q - 735*q - 93299 = 0, 2*g - 93353 = q. What is the units digit of g?
2
What is the tens digit of (-6 - (2846 - 8))/((-14)/42)?
3
What is the tens digit of 33/(-9) + 3 - (-1 + 168074/(-3))?
2
Suppose 730*t = -o + 720*t + 46937, 0 = 5*o + 5*t - 234640. What is the units digit of o?
7
Let a = 4361 + -2103. What is the thousands digit of a?
2
Let g = 54236 - 18864. What is the ten thousands digit of g?
3
Suppose -9*z - 5*j - 8098 = -13*z, -4*z + 3*j = -8102. Suppose -19*r = -2590 - z. What is the tens digit of r?
4
Let p = -2992 + 4899. What is the tens digit of p?
0
Let u be -13*(-4)/8*8. Suppose -5*s + 2*b + u = 0, -3*s = -0*s + 2*b - 28. What is the tens digit of (((-15)/s)/1)/((-1)/78)?
1
Suppose -54939 + 45256 - 75657 = -85*z. What is the tens digit of z?
0
Suppose 18206*v = 18204*v + 4898. What is the units digit of v?
9
What is the hundreds digit of 3946 + (-3 - 50/(-18)) + 427/(-63)?
9
Suppose 0*b - 18*b = -109967 - 148099. What is the thousands digit of b?
4
What is the ten thousands digit of ((-3719088)/20)/(-6) - 3/(-5) - 1?
3
Let o = 229 + -229. Let w(k) = 6*k + 1090. What is the units digit of w(o)?
0
Let v(f) be the first derivative of -51*f**2/2 + 238*f + 215. What is the tens digit of v(4)?
3
Let b = -837 - -831. Let d = -2 + 23. What is the tens digit of -2 + d/b*-18?
6
Suppose -3*k = 2*z + 131, -k - 4*z = -9*z + 72. What is the units digit of k - -49 - (-542 + -2*1)?
6
Let l = 9 + -9. Let i be (-86)/(-172)*636/2. Let q = i - l. What is the hundreds digit of q?
1
Suppose -4*q + 3*i - 1552 - 3513 = 0, -2*q - 2529 = -5*i. Let b = -639 - q. What is the units digit of b?
8
Let u(y) = -y + 14. Let f be u(4). Let d = 26 - f. Suppose -82 = -3*j + c, -j + 22 + d = -3*c. What is the units digit of j?
6
Let z be 11 + -4*(-5)/(-10). Suppose 3*b + 2*c = 87, z = -c + 4*c. What is the tens digit of b?
2
Let u(p) = -p**2 + p + 1. Suppose 0 = -10*h + 5*h + 25. Let j(b) = -9*b**2 - 18*b + 8. Let x(m) = h*u(m) - j(m). What is the tens digit of x(-9)?
1
What is the thousands digit of (-212)/1590 + 192634/30 - -12?
6
Suppose 0 = s + 2*s - 0*s. Let a be s + 0 + (-2 - -4). Suppose 2*g - 2*i - 208 = 0, -4*g - a*i = -368 - 78. What is the tens digit of g?
0
Let m = 62 - 60. Suppose 3*k + 3*y = -m*k + 1, -15 = -3*k + 3*y. Suppose 3*g = 3*i + 132, k*i - 5*i = 3. What is the tens digit of g?
4
Suppose -3*z + 4488 = -3*p, 263*z + 2*p = 266*z - 4483. What is the tens digit of z?
9
Let d(o) = 197*o + 173. Let r be d(23). Suppose -576 = -11*p + r. What is the tens digit of p?
8
Let g = 1103 + 332. Suppose 0 = -5*z - 3*x + g, -2*x + 3*x - 1425 = -5*z. What is the hundreds digit of z?
2
Let q(o) = -o**2 - 11*o - 4. Let i be q(-10). Suppose 3103 = i*f + 37. What is the hundreds digit of f?
5
Let t(k) = -25*k + 153. Let g be t(-6). Suppose 285 = s - 4*b, -7*b - g = -s - 9*b. What is the units digit of s?
7
Let f(w) = -2064*w + 1876. What is the tens digit of f(-5)?
9
Let d(g) = -442*g + 103. Let l be d(-9). Let v = 5947 - l. What is the tens digit of v?
6
Let j be (-1)/(5/(-1795)*1). Suppose t + j = 141. Let b = 13 - t. What is the units digit of b?
1
Suppose -44*c - 46876 = -1355260. What is the units digit of c?
6
Let w be (21/(-63))/(2 - (-20570)/(-10284)). Suppose 6153 - w = 23*h. What is the units digit of h?
3
Let x = 14 - 10. Suppose 5*a + 3*y = -6, -3*y + 3 = x*a + 2*y. What is the units digit of 45 + -3 + a/(-6)*-2?
1
Suppose 604193 - 217677 = -26*v. What is the tens digit of v/(-10) - 16/(-40)?
8
Let k = 108 + -62. Suppose 45*q - k*q = -76. Let p = q - -88. What is the units digit of p?
4
Let p = 97 + -64. Suppose 0 = -p*r + 21*r + 7740. What is the hundreds digit of r?
6
Let o(k) = 2835*k**2 - 143*k + 573. What is the thousands digit of o(4)?
5
Suppose 9*l - 4*l = -15. Let a be 15/l + 3 - -3. Suppose -4*i + 5 = a. What is the units digit of i?
1
What is the thousands digit of (-20930600)/(-320) - 3/24?
5
What is the tens digit of 3768741/378 - 12/56?
7
Suppose 2*u = -3*u + 5*r - 25, 2*r = u + 6. Let b be 3 + (-2)/u*0/2. Suppose -2*a - 2*a - 2*p = -458, p + 331 = b*a. What is the units digit of a?
2
Let z = 3451 + -1939. What is the units digit of z?
2
Suppose 2*j + 6 = 5*j. Suppose 4*r - 5*s - 20 = 13, 3*r + j*s = 19. Let x = -5 + r. What is the units digit of x?
2
Suppose -4*y + 60 + 132 = 0. Suppose 8*g - 48 - y = 0. What is the units digit of 600/(-18)*g/(-5)?
0
Let f(u) = 30*u**3 + 124*u**2 - 988*u - 3. What is the hundreds digit of f(8)?
3
Let q be 667 - 28/4 - (1 - 1). Let l = -504 + q. What is the units digit of l?
6
Suppose -5*s + 9*s + 40 = 0. Let u be 1 + (-5)/s*4. Suppose 6*o = u*o + 120. What is the tens digit of o?
4
Let b = 10579 + -4488. What is the units digit of b?
1
Let s be 1/((11/33)/(10/6)). Suppose s*d - 3055 = -695. What is the tens digit of d?
7
Suppose 11*j = -3*j + 28. Suppose -14 = n + 2*f - f, 0 = 2*n - j*f + 8. Let v(k) = k**2 - 10*k - 18. What is the hundreds digit of v(n)?
1
Let k = -1236 + 1225. Let t(r) = -5*r - 13. Let d(j) = 4*j + 14. Let v(h) = 4*d(h) + 3*t(h). What is the units digit of v(k)?
6
Let s be 16/3 - 2/(-3). Suppose -16*o - 14*o = -13*o - 8500. Suppose 0 = -s*k + o + 196. What is the tens digit of k?
1
Let z be (3 + 21)*2/6. Let p(n) = 3*n**2 - 11*n + 17. Let i(h) = 3*h**2 - 11*h + 17. Let j(s) = -5*i(s) + 6*p(s). What is the units digit of j(z)?
1
Let z(c) = -c**2 - 1. Let g(m) = -4*m**2 - 13*m - 199. Let a(l) = g(l) - 5*z(l). What is the hundreds digit of a(-14)?
1
Suppose 7*k + 3*u - 1657 = 2*k, -2*k + 3*u = -646. Let h = k - 236. What is the tens digit of h?
9
Suppose -r = -5*l - 3*r - 15, 2*l = r + 3. What is the tens digit of -1*l/((-2)/(-562))?
8
Suppose 128*t + 12*t + 249*t = 10940625. What is the thousands digit of t?
8
Suppose -3*m + 7 = 3*r + r, -5*m - 31 = -4*r. Suppose -16*z + 24 = -r*z. Suppose -2*c - 35 = -4*y + 45, -5*y - z*c + 91 = 0. What is the tens digit of y?
1
Suppose 4*u - 4*t = 32, 2*u - 3*t + 2 - 20 = 0. Let q(w) = 7 - 5*w**2 + 17*w**2 - 203*w - 11*w**2 + 206*w. What is the units digit of q(u)?
1
Let g be 1/2 + -195*11/(-22). What is the